{"id":19,"date":"2015-10-15T14:50:55","date_gmt":"2015-10-15T14:50:55","guid":{"rendered":"http:\/\/wpoffice\/construction\/?page_id=9"},"modified":"2020-08-28T16:07:30","modified_gmt":"2020-08-28T19:07:30","slug":"home","status":"publish","type":"page","link":"https:\/\/jwengenharia.com.br\/","title":{"rendered":"Home"},"content":{"rendered":"<div id='full_slider_1'  class='avia-fullwidth-slider main_color avia-shadow   avia-builder-el-0  avia-builder-el-no-sibling   container_wrap sidebar_right' style=' '  ><div   data-size='featured_large'  data-lightbox_size='large'  data-animation='fade'  data-conditional_play=''  data-ids='87'  data-video_counter='0'  data-autoplay='true'  data-bg_slider='false'  data-slide_height=''  data-handle='av_slideshow_full'  data-interval='5'  data-class=' '  data-el_id=''  data-css_id=''  data-scroll_down=''  data-control_layout='av-control-minimal'  data-custom_markup=''  data-perma_caption=''  data-autoplay_stopper=''  data-image_attachment=''  data-min_height='0px'  data-lazy_loading='disabled'  data-src=''  data-position='top left'  data-repeat='no-repeat'  data-attach='scroll'  data-stretch=''  data-default-height='42'  class='avia-slideshow avia-slideshow-1  av-control-minimal av-default-height-applied avia-slideshow-featured_large av_slideshow_full   avia-fade-slider '  itemprop=\"image\" itemscope=\"itemscope\" itemtype=\"https:\/\/schema.org\/ImageObject\" ><ul class='avia-slideshow-inner ' style='padding-bottom: 42%;' ><li  class=' av-single-slide slide-1 ' ><div data-rel='slideshow-1' class='avia-slide-wrap '   ><div class = \"caption_fullwidth av-slideshow-caption caption_right\"><div class = \"container caption_container\"><div class = \"slideshow_caption\"><div class = \"slideshow_inner_caption\"><div class = \"slideshow_align_caption\"><h2  class='avia-caption-title  '  itemprop=\"name\" >ADEQUA\u00c7\u00c3O DE M\u00c1QUINAS \u00c0 NR-12<\/h2><div class='avia-caption-content  '  itemprop=\"description\"  ><p>Somos especializados em servi\u00e7os de adequa\u00e7\u00e3o de m\u00e1quinas e equipamentos \u00e0 NR-12<\/p>\n<\/div><a href='https:\/\/jwengenharia.com.br\/?page_id=23'  class='avia-slideshow-button avia-button avia-color-theme-color ' data-duration='800' data-easing='easeInOutQuad'>Entre em contato<\/a><\/div><\/div><\/div><\/div><\/div><img class=\"wp-image-87 avia-img-lazy-loading-not-87\"  src=\"https:\/\/jwengenharia.com.br\/wp-content\/uploads\/2015\/10\/team-banner2-1500x630.jpg\" width=\"1500\" height=\"630\" title='team-banner2' alt=''  itemprop=\"thumbnailUrl\" srcset=\"https:\/\/jwengenharia.com.br\/wp-content\/uploads\/2015\/10\/team-banner2.jpg 1500w, https:\/\/jwengenharia.com.br\/wp-content\/uploads\/2015\/10\/team-banner2-300x126.jpg 300w, https:\/\/jwengenharia.com.br\/wp-content\/uploads\/2015\/10\/team-banner2-1030x433.jpg 1030w, https:\/\/jwengenharia.com.br\/wp-content\/uploads\/2015\/10\/team-banner2-768x323.jpg 768w, https:\/\/jwengenharia.com.br\/wp-content\/uploads\/2015\/10\/team-banner2-705x296.jpg 705w\" sizes=\"(max-width: 1500px) 100vw, 1500px\" \/><div class='av-section-color-overlay' style='opacity: 0.2; background-color: #000000; '><\/div><\/div><\/li><\/ul><\/div><\/div>\n","protected":false},"excerpt":{"rendered":"","protected":false},"author":1,"featured_media":0,"parent":0,"menu_order":0,"comment_status":"closed","ping_status":"closed","template":"","meta":[],"_links":{"self":[{"href":"https:\/\/jwengenharia.com.br\/index.php?rest_route=\/wp\/v2\/pages\/19"}],"collection":[{"href":"https:\/\/jwengenharia.com.br\/index.php?rest_route=\/wp\/v2\/pages"}],"about":[{"href":"https:\/\/jwengenharia.com.br\/index.php?rest_route=\/wp\/v2\/types\/page"}],"author":[{"embeddable":true,"href":"https:\/\/jwengenharia.com.br\/index.php?rest_route=\/wp\/v2\/users\/1"}],"replies":[{"embeddable":true,"href":"https:\/\/jwengenharia.com.br\/index.php?rest_route=%2Fwp%2Fv2%2Fcomments&post=19"}],"version-history":[{"count":1,"href":"https:\/\/jwengenharia.com.br\/index.php?rest_route=\/wp\/v2\/pages\/19\/revisions"}],"predecessor-version":[{"id":269,"href":"https:\/\/jwengenharia.com.br\/index.php?rest_route=\/wp\/v2\/pages\/19\/revisions\/269"}],"wp:attachment":[{"href":"https:\/\/jwengenharia.com.br\/index.php?rest_route=%2Fwp%2Fv2%2Fmedia&parent=19"}],"curies":[{"name":"wp","href":"https:\/\/api.w.org\/{rel}","templated":true}]}}